 - (13 - -3)
-13
What is (-55 - -47) + 2 + (-2 - -1) + 1?
-6
What is (-3 - -1) + (65 - 63) - 14?
-14
Calculate 0 - (-12 + -14 + 22).
4
Evaluate (-1 - -7) + (21 - (17 - -7)).
3
Calculate -1 - (-8 - ((10 - 4) + -6)).
7
Calculate 3 + -1 + -42 + 68 + -10.
18
What is the value of -3 + -9 + -7 - (-10 + 1) - -48?
38
What is the value of 11 + (-10 - -45 - 13 - (4 - 6))?
35
What is the value of -359 + 387 + 0 + -17?
11
What is 8 - (-6 + (-4 - -13))?
5
Calculate 3 + (-4 - -7 - (1 + -13 + 7)).
11
-4 + 2 + 1 - (3 - (-5 - 1))
-10
What is (0 - 5) + -6 - (-54 + 29)?
14
What is 0 + -5 + (2 - 2) - (2 + 1)?
-8
What is 1 + 0 - -8 - (-12 - -2)?
19
What is 12 + 3 + (4 - 12) + 1?
8
What is the value of 1888 + -1862 + -8 + (-2 - -3) + 1?
20
-13 - (-22 - (-39 + 10) - (5 - 0))
-15
What is the value of (-33 - -33) + (1 - -1) + 6 + -10?
-2
Calculate (1 - (8 + -4)) + (35 - (53 + -14)).
-7
What is the value of (-1 - -20) + -10 + -2 + 2?
9
Calculate 0 - 1 - -10 - (-25 - -34 - 12).
12
-29 - -10 - -29 - 3
7
-8 - -35 - 20 - (-6 - -1)
12
0 + 2 + (22 - (13 - 0)) + -9
2
What is -6 + (1 - 1 - (-40 - -35))?
-1
-4 - (-9 - (37 + (19 - 9) + -16))
36
What is 5 + -1 + 1 + 6 + -333 + 351?
29
Evaluate (6 - -38) + 10 - 15 - (4 + 6).
29
Evaluate -8 - -2 - (20 + (-5 - -18 - 34)).
-5
Calculate 1 + (-7 - -8) + 6 + -2 - -7.
13
Evaluate -3 - (6 - 11) - -4 - (-5 - -6).
5
What is -34 + 41 + 12 + -7?
12
What is the value of (-41 + 14 + 2 - -5) + 0?
-20
14 + 12 - (8 + (3 - 0))
15
Evaluate -4 + (3 + -3 - (-7 + 4)) + -4.
-5
9 + 0 + 2 + (0 - 2)
9
What is (-6 - (-18 + 8)) + -4?
0
What is 17 + -11 + 6 + (0 - 5)?
7
Calculate 60 - (41 + 3) - (7 + -1).
10
What is the value of -1 + -24 + -3 + 124 + -115?
-19
Calculate (6 - 14) + (-26 - -32).
-2
-47 + (24 - -30) - (2 + -2 + 1)
6
Calculate (-1 - 17 - -5) + 29 + 2.
18
Evaluate -17 + 32 + (6 - 4).
17
What is (11 - 0) + (-12 - (-35 - -39))?
-5
Calculate -38 + 34 - (3 + -22).
15
What is 3 + (0 - (7 - 5)) + (-7 - 0)?
-6
Calculate 2 - (-2 + -6 - (11 - 25)).
-4
What is (-30 - -1) + (233 - 215 - (14 + 2))?
-27
Calculate -3 + (0 - -2 - 1) + 1 - -5.
4
8 + (-1 - -8) + -7
8
Evaluate -20 - (-4 + -4) - -8.
-4
Evaluate 1 + (2 - 3) + 13 + -33 + 25.
5
What is 474 + -507 - (-66 - 2)?
35
What is (1 - -29) + -58 - (0 + -1)?
-27
What is 45 - 15 - 24 - (1 - -23)?
-18
(-11 - -4) + (0 - -2) + -8 + 9
-4
6 + (3 + -4 + 3 - 15)
-7
0 + -51 - (-41 - -11)
-21
What is (46 - 36) + 0 + 1?
11
What is the value of 27 + (10 - 34) + (-1 + -1 - 4)?
-3
-1 - -5 - 1 - (5 + (6 - 0))
-8
What is -3 + 3 + (2 - 2) + -2 + -4?
-6
What is the value of -12 + 1 - (-30 - -5)?
14
Evaluate -22 - (9 + (-10 - 7)).
-14
Calculate (-22 - (-11 - 9)) + 0 + 5 - 12.
-9
What is -25 + 12 + (8 - (8 - 5) - 7)?
-15
Calculate (-12 - -10) + 28 + (-7 - 3) - 8.
8
6 + (11 + -16 - 12)
-11
What is the value of (-4 - 5) + (31 - 17)?
5
Calculate 4 + (23 - 20) + (1 + -5 - -1).
4
-8 - -2 - (-2 - -9 - 7)
-6
Evaluate (3 - (-13 + 31) - -6) + -3.
-12
-81 + 91 - (0 + (1 - -2))
7
What is the value of 13 + -9 + 1 + -7?
-2
(-16 - -8) + -2 + 10 + -9
-9
Calculate 10 - 6 - (-3 - -4 - 1).
4
What is -140 - -118 - (-1 + -12 + -3)?
-6
Calculate -3 - (-6 + 7 + -7 + 1 - 3).
5
What is 30 - 45 - (-31 - 11 - 0)?
27
Calculate (2 - -2) + (46 - 43).
7
What is -4 + (3 - -9) + 12 + -18 + 8?
10
What is the value of -39 - -29 - (-17 + -1) - (4 + 0)?
4
Evaluate (-10 - (1 - -11) - -13) + 12.
3
What is the value of (3 - (-20 - -8 - -4 - 4)) + 5?
20
What is 16 - (14 - (2 + 15))?
19
What is the value of -11 - (18 - 41 - -10)?
2
Evaluate (68 - 76) + (-7 - (0 - (1 + -2))).
-16
What is (-9 - -10) + 7 + -14?
-6
Evaluate (-4 - 0) + (2 - 1) + 16 + -21.
-8
Evaluate -22 + (-2 - -12) + (-4 - -13).
-3
-1 - -12 - (3 + -3 - (22 - 19))
14
(-64 - -84) + (1 - 2 - 2)
17
Calculate -7 - 1 - (6 + (3 - 11)) - -12.
6
-20 - ((1 - (14 + -9 + -13)) + -5)
-24
Evaluate -1 - 10 - -31 - 26.
-6
Evaluate -4 + (-15 - -7 - -4) + 4.
-4
Calculate (26 - -1) + (154 - 153 - (-2 - -8)).
22
What is the value of 28 - (-4 - (-13 + (-4 - -4) + 6))?
25
Calculate -1 + 15 + (17 + -5 - 14).
12
Calculate (-6 - 3 - 0) + 7 - (-12 - -1).
9
(2 - -7) + (-30 - -15)
-6
-16 + (6 - (-48 + -8 + 12))
34
Evaluate (-23 + 38 + -5 - (-19 + 0)) + 0.
29
(14 - -5 - 39) + 22
2
2 + 3 - (-387 - -358)
34
What is (-76 - 67) + 136 - (-46 - (1 - 0))?
40
Evaluate 2 - (-12 + -2) - 25.
-9
What is 5 + 5 + 1 + 7 - (-1 + 4)?
15
Calculate (-12 - -1) + (1 + -9 + 16 - 12).
-15
0 - (-30 - -9) - -1 - 10
12
13 - (-16 + (7 - -11)) - -14
25
Evaluate -178 - -210 - ((5 - 4) + 3).
28
Evaluate 10 + (0 - 0) + -38 + 43 + -3.
12
What is the value of 15 - (-2 + (13 - 9))?
13
What is 2 + -5 + (-2 - 2) + (17 - 23)?
-13
Evaluate 44 + (-26 - -12 - 3).
27
Calculate -2 - (-18 + -11 + 39).
-12
Calculate -16 + -18 + 5 + 7 + 4.
-18
-4 + (0 - -6) + 14 + -5
11
10 + (0 - 1 - 6)
3
Calculate -1 + (-3 - -2) + 5 - -13 - 4.
12
Evaluate 0 + 1 - (-36 - (-67 - -24)).
-6
(14 - -10 - 37) + (0 - (-3 - 0))
-10
What is the value of -35 + -5 + (-6 - 3 - -10) - -9?
-30
What is (0 - 0) + -258 + 243?
-15
What is (24 - 0) + -36 + -21 + 51?
18
What is the value of -5 + (-21 - -32) - 3 - (-32 + 0)?
35
What is the value of 6 - (7 + -3 + 0 + 3 + 3)?
-4
What is (-17 + 3 - -10) + 5 + -1 + 7?
7
-15 + 13 + (19 - 3) - 8
6
13 - (-2 + -29 - -32)
12
Evaluate -303 + 315 + 0 + (4 - -1).
17
Evaluate 0 + -16 + -362 + 385.
7
Evaluate (-14 - ((-10 - -5) + 5 - 2)) + -5.
-17
What is 32 + -4 - 7 - 10?
11
-1 - (-2 + -2 - (-18 + 11))
-4
Calculate -3 + 0 + -6 + 2 + (26 - 26).
-7
Evaluate (-16 + 3 + -1 - -3) + (9 - 9).
-11
Evaluate -1 + 6 - -9 - (11 - 1).
4
What is the value of -10 + (2 + 4 + -1 - -1)?
-4
Evaluate 19 + (21 - 18) + -19.
3
What is the value of 7 + 2 - (-2 + -7 + 4)?
14
What is 1 - (21 + -27) - (12 - 1)?
-4
Evaluate -2 + (7 - (-17 + 3)) + -4.
15
What is 0 + 1 + 1 - (0 - (12 + -17))?
-3
What is the value of 12 + 2 + (6 - (14 - 2))?
8
What is 25 + -16 + -12 + -7 + 18?
8
Evaluate (16 + -31 - (-7 + -7 + 5)) + 14.
8
(1 - 2) + 21 + (-16 - (9 + -34))
29
(-1 - -9) + (-4 - (4 - 4))
4
Calculate 8 - ((6 - 8) + (-6 - -1) + 4).
11
Calculate (4 - (19 + -12)) + 10.
7
What is the value of 44 + -51 - (-10 + 1)?
2
What is -1 + 0 + (24 - (11 - -8))?
4
Calculate (-46 - -61 - 23) + (20 - 0).
12
-7 + -4 + 27 - 16
0
What is the value of 0 - (1 - 12) - (-1214 + 1251)?
-26
What is the value of (-29 - 3) + (-187 - -208)?
-11
What is -2 - (4 - 20) - (40 - 47)?
21
What is (-13 - (-15 - 4)) + -4 + 1?
3
Evaluate -8 + 35 + -2 + 1 + -41 + 37.
22
5 - (-32 + 0 + 52)
-15
What is -30 - ((13 - 25) + -3)?
-15
Evaluate (34 - 1) + -28 + -19.
-14
-11 - (6 - (13 + (-12 - -10)))
-6
(-2 - -13) + (-7 - (9 - 10)) + -3
2
What is the value of -28 - (9 + -15 + -8 - -11)?
-25
Evaluate -1 + (-6 - -9) + -4 - (3 - 0).
-5
Calculate 24 + (11 - (27 + -3)).
11
(-2 - 0) + (19 - (-9 - -24))
2
What is the value of 3 + (-4 - 7) + (14 - 16 - -6)?
-4
What is (10 - 13 - -1) + (-3 - -1)?
-4
(18 - (6 - -1)) + -14
-3
Calculate 4 - (-4 + (15 - -13)).
-20
Evaluate -14 - -10 - (5 + 0 - 7).
-2
9 + -42 + (9 - -4) - -10
-10
What is 20 + (16 - 28) - (0 - 10)?
18
Calculate 12 + 1 + -2 + -3 + 14 + -5.
17
What is 271 + -240 + (0 + -2 - 3)?
26
What is the value of 4 - 4 - (-2 - -5 - -12)?
-15
0 + 1 - (23 - (-29 - (-47 + 23)))
-27
What is (38 - 46) + (5 - 6)?
-9
What is 12 - (-13 + 4 - -16)?
5
-1 + 4 + 3 - (16 - (6 - -12))
8
Calculate 19 + (14 + -7 - 2).
24
What is 66 - 62 - (-2 + -27 + 3 + 3)?
27
(20 + 1 - 9) + (-6 - (0 + -2))
8
What is the value of -16 - 0 - (-68 + 60)?
-8
Evaluate -4 - (-9 - ((9 - 1 - 0) + -41)).
-28
What is the value of (41 - 16) + -14 - (7 + -19)?
23
Evaluate (7 - (9 - (-1 + 1 + 7))) + 0.
5
Calculate (-1 - 10 - -2) + -5 + 9 + 0.
-5
Evaluate (11 - 20 - (-9 - 0 - -4)) + -8.
-12
What is (-18 - (-30 - -16)) + (2 - (-2 + -2))?
2
25 - (-13 + 29 + 31)
-22
Calculate 27 - (((11 - 7) + -8 - -12) + -19).
38
What is the value of (-7 - 16 - -12) + (-1 - -8)?
-4
Evaluate (0 - (7 - 2)) + 7 - 1.
1
What is the value of (-1 - -6 - 7) + (3 - -2)?
3
22 + -9 - 5 - (5 + -2 + 1)
4
What is the value of -106 + 109 + -5 + (1 - -1) - -7?
7
Evaluate 1 + 2 - 5 - -10 - (-78 + 93).
-7
Evaluate -5 - (0 - -2 - 9) - -12.
14
Calculate (16 - 5) + -33 - -2.
-20
What is the value of -17 + 30 + -14 + -5?
-6
Calculate 8 + -3 - (35 + -12).
-18
What is (-2129 - -2121) + (-2 - 14) + 2?
-22
(-4 